{"id":237,"date":"2022-10-30T18:00:03","date_gmt":"2022-10-30T17:00:03","guid":{"rendered":"https:\/\/brainzone.agence-mip.fr\/?page_id=237"},"modified":"2025-04-29T10:51:10","modified_gmt":"2025-04-29T08:51:10","slug":"coaching-de-performance-en-entreprise","status":"publish","type":"page","link":"https:\/\/www.brain-zone.fr\/index.php\/coaching-de-performance-en-entreprise\/","title":{"rendered":"Efficacit\u00e9 professionnelle"},"content":{"rendered":"\t\t<div data-elementor-type=\"wp-page\" data-elementor-id=\"237\" class=\"elementor elementor-237\">\r\n\t\t\t\t\t\t\t\t\t<section class=\"elementor-section elementor-top-section elementor-element elementor-element-86f5e1c elementor-section-stretched elementor-section-boxed elementor-section-height-default elementor-section-height-default\" data-id=\"86f5e1c\" data-element_type=\"section\" data-settings=\"{&quot;stretch_section&quot;:&quot;section-stretched&quot;,&quot;background_background&quot;:&quot;classic&quot;}\">\r\n\t\t\t\t\t\t<div class=\"elementor-container elementor-column-gap-default\">\r\n\t\t\t\t\t<div class=\"elementor-column elementor-col-100 elementor-top-column elementor-element elementor-element-2c03f7f\" data-id=\"2c03f7f\" data-element_type=\"column\">\r\n\t\t\t<div class=\"elementor-widget-wrap elementor-element-populated\">\r\n\t\t\t\t\t\t\t\t<section class=\"elementor-section elementor-inner-section elementor-element elementor-element-370e173 elementor-section-boxed elementor-section-height-default elementor-section-height-default\" data-id=\"370e173\" data-element_type=\"section\">\r\n\t\t\t\t\t\t<div class=\"elementor-container elementor-column-gap-default\">\r\n\t\t\t\t\t<div class=\"elementor-column elementor-col-50 elementor-inner-column elementor-element elementor-element-41bf76b\" data-id=\"41bf76b\" data-element_type=\"column\">\r\n\t\t\t<div class=\"elementor-widget-wrap elementor-element-populated\">\r\n\t\t\t\t\t\t\t\t<div class=\"elementor-element elementor-element-6915b66 elementor-widget elementor-widget-image\" data-id=\"6915b66\" data-element_type=\"widget\" data-widget_type=\"image.default\">\r\n\t\t\t\t<div class=\"elementor-widget-container\">\r\n\t\t\t<style>\/*! elementor - v3.9.2 - 21-12-2022 *\/\n.elementor-widget-image{text-align:center}.elementor-widget-image a{display:inline-block}.elementor-widget-image a img[src$=\".svg\"]{width:48px}.elementor-widget-image img{vertical-align:middle;display:inline-block}<\/style>\t\t\t\t\t\t\t\t\t\t\t\t<img loading=\"lazy\" decoding=\"async\" width=\"1000\" height=\"613\" src=\"https:\/\/www.brain-zone.fr\/wp-content\/uploads\/2023\/05\/BrainZone.png\" class=\"attachment-large size-large wp-image-1535\" alt=\"brain zone favreau\" srcset=\"https:\/\/www.brain-zone.fr\/wp-content\/uploads\/2023\/05\/BrainZone.png 1000w, https:\/\/www.brain-zone.fr\/wp-content\/uploads\/2023\/05\/BrainZone-300x184.png 300w, https:\/\/www.brain-zone.fr\/wp-content\/uploads\/2023\/05\/BrainZone-768x471.png 768w\" sizes=\"auto, (max-width: 1000px) 100vw, 1000px\" \/>\t\t\t\t\t\t\t\t\t\t\t\t\t\t\t<\/div>\r\n\t\t\t\t<\/div>\r\n\t\t\t\t<div class=\"elementor-element elementor-element-70658a0 elementor-widget elementor-widget-text-editor\" data-id=\"70658a0\" data-element_type=\"widget\" data-widget_type=\"text-editor.default\">\r\n\t\t\t\t<div class=\"elementor-widget-container\">\r\n\t\t\t<style>\/*! elementor - v3.9.2 - 21-12-2022 *\/\n.elementor-widget-text-editor.elementor-drop-cap-view-stacked .elementor-drop-cap{background-color:#818a91;color:#fff}.elementor-widget-text-editor.elementor-drop-cap-view-framed .elementor-drop-cap{color:#818a91;border:3px solid;background-color:transparent}.elementor-widget-text-editor:not(.elementor-drop-cap-view-default) .elementor-drop-cap{margin-top:8px}.elementor-widget-text-editor:not(.elementor-drop-cap-view-default) .elementor-drop-cap-letter{width:1em;height:1em}.elementor-widget-text-editor .elementor-drop-cap{float:left;text-align:center;line-height:1;font-size:50px}.elementor-widget-text-editor .elementor-drop-cap-letter{display:inline-block}<\/style>\t\t\t\t<h2><span style=\"font-family: var(--headingsfontfamily),var(--nv-fallback-ff); font-size: var(--h2fontsize); font-weight: var(--h2fontweight); letter-spacing: var(--h2letterspacing); text-transform: var(--h2texttransform); color: var(--nv-text-color);\"> Le coaching pour la performance professionnelle.<\/span><\/h2><p><span style=\"color: #000000;\">Au travers une formation de 1, 2, 3 ou 5 jours, j&rsquo;interviens aupr\u00e8s de vos \u00e9quipes (managers, commerciaux&#8230;) sur des th\u00e8mes sp\u00e9cifiques et adapt\u00e9s \u00e0 vos besoins. Vous trouverez ci-dessous quelques th\u00e9matiques sur lesquelles j&rsquo;interviens (me contacter pour obtenir le programme de chaque formation) :<\/span><\/p><ul><li><span style=\"color: #000000;\">Optimiser son leadership, clef de la performance en management ;<\/span><\/li><li>S&rsquo;approprier le r\u00f4le du manager : outils et m\u00e9thodes ;<\/li><li><span style=\"color: #000000;\"> Int\u00e9grer les apports des neurosciences pour renforcer sa pratique manag\u00e9riale ;<\/span><\/li><li>Recruter sans discriminer ;<\/li><li>Prendre du recul et l\u00e2cher-prise ;<\/li><li><span style=\"color: #000000;\">S&rsquo;approprier et comprendre les valeurs de l&rsquo;entreprise ;<\/span><\/li><li><span style=\"color: #000000;\">D\u00e9velopper son potentiel relationnel et commercial ;<\/span><\/li><li><span style=\"color: #000000;\">Pr\u00e9sentation commerciale d&rsquo;une offre technique ;<\/span><\/li><li><span style=\"color: #000000;\">Mieux communiquer pour mieux motiver ;<\/span><\/li><li><span style=\"color: #000000;\">Guider et faire adh\u00e9rer son \u00e9quipe au changement (Mod\u00e8le BCSM) ;<\/span><\/li><li><span style=\"color: #000000;\">La gestion des conflits (les relations inter-personnelles) ;<\/span><\/li><li>La gestion du temps ;<\/li><li><span style=\"color: #000000;\">Renforcer la coh\u00e9sion d&rsquo;\u00e9quipe ;<\/span><\/li><li>D\u00e9velopper les comp\u00e9tences de ses collaborateurs ;\u00a0<\/li><li>Argumenter et convaincre ;\u00a0<\/li><li><span style=\"color: #000000;\">Les techniques de vente ;<\/span><\/li><li>Les techniques de recherche d&#8217;emploi ;<\/li><li>Les savoir-\u00eatre professionnels ;<\/li><li>Gestion des d\u00e9placements professionnels et notes de frais ;<\/li><li>Organisation d&rsquo;\u00e9v\u00e8nements ;<\/li><li>Pr\u00e9venir et rem\u00e9dier aux impay\u00e9s ;<\/li><li>Suivi des r\u00e9clamations ;<\/li><li>Les outils collaboratifs ;<\/li><li><span style=\"color: #000000;\">D\u00e9velopper les techniques de gestion du stress et des \u00e9motions ;<\/span><\/li><li><span style=\"color: #000000;\">La charge mentale, la d\u00e9tecter et la g\u00e9rer pour ne pas plonger dans le burn-out ;<\/span><\/li><li><span style=\"color: #000000;\">Initiation au marketing (Cr\u00e9er une strat\u00e9gie Marketing de A \u00e0 Z) ;<\/span><\/li><li><span style=\"color: #000000;\">Les fondamentaux du Marketing Digital ;<\/span><\/li><li><span style=\"color: #000000;\">Concevoir un plan de communication ;\u00a0<\/span><\/li><li>Constituer son r\u00e9seau professionnel gr\u00e2ce \u00e0 LinkedIn ;<\/li><li>Am\u00e9liorer sa prise de parole en public pour mieux convaincre son auditoire ;<\/li><li>L&rsquo;intelligence \u00e9motionnelle, la comp\u00e9tence manag\u00e9riale du futur !<\/li><li><span style=\"color: #000000;\"><span style=\"color: #000000;\"> Sport de haut niveau et monde de l&rsquo;entreprise : quels parall\u00e8les <img decoding=\"async\" class=\"emoji\" role=\"img\" draggable=\"false\" src=\"https:\/\/s.w.org\/images\/core\/emoji\/14.0.0\/svg\/2753.svg\" alt=\"\u2753\" \/><\/span><\/span>La performance sportive, une inspiration comme mod\u00e8le de management en entreprise<\/li><li>Conduites addictives ;<\/li><li>TP Formateur Professionnel pour Adultes ;<\/li><li>\u00a0Accompagnement \u00e0 la reconversion professionnelle (assistant-e-s commercial-e-s, de direction, gestionnaires de paie, SAMS&#8230;.)<\/li><li>&#8230;.<\/li><\/ul><p><span style=\"color: #000000;\">Cette liste n&rsquo;est pas exhaustive, n&rsquo;h\u00e9sitez pas \u00e0 me contacter pour vous proposer une offre cl\u00e9 en main.<\/span><\/p><p><em><b>Toutes les formations peuvent \u00eatre prises en charge par vos OPCO (me contacter directement : 06 63 51 58 19 &#8211; nathfav@gmail.com)<\/b><\/em><\/p>\t\t\t\t\t\t<\/div>\r\n\t\t\t\t<\/div>\r\n\t\t\t\t<div class=\"elementor-element elementor-element-dbf8b2c elementor-widget elementor-widget-text-editor\" data-id=\"dbf8b2c\" data-element_type=\"widget\" data-widget_type=\"text-editor.default\">\r\n\t\t\t\t<div class=\"elementor-widget-container\">\r\n\t\t\t\t\t\t\t<div><span style=\"font-size: 15px;\">Le Coaching de Performance 3EES (Etats des Esprits Spontan\u00e9s) est une m\u00e9thode favorisant l\u2019\u00e9mergence de la performance, bas\u00e9e sur la th\u00e9orie de l&rsquo;enn\u00e9agramme prenant en compte les caract\u00e9ristiques de la personnalit\u00e9 de chaque individu. C&rsquo;est la rencontre de l&rsquo;essence et de la comp\u00e9tence, afin que chacun puisse apprendre \u00e0 performer dans le bien-\u00eatre et l&rsquo;\u00e9quilibre. De plus, dans le milieu professionnel, on parle de plus en plus de l\u2019importance de la sant\u00e9 mentale, et on est d\u00e9sireux d\u2019acqu\u00e9rir des outils pour g\u00e9rer le stress et r\u00e9guler les \u00e9motions. Depuis quelques ann\u00e9es, le bien-\u00eatre et la motivation pr\u00e9occupent les dirigeants car ils affectent grandement la productivit\u00e9 de leurs \u00e9quipes.<\/span><\/div>\t\t\t\t\t\t<\/div>\r\n\t\t\t\t<\/div>\r\n\t\t\t\t<div class=\"elementor-element elementor-element-28432f0 elementor-widget elementor-widget-text-editor\" data-id=\"28432f0\" data-element_type=\"widget\" data-widget_type=\"text-editor.default\">\r\n\t\t\t\t<div class=\"elementor-widget-container\">\r\n\t\t\t\t\t\t\t\t\t\t\t\t\t<\/div>\r\n\t\t\t\t<\/div>\r\n\t\t\t\t<div class=\"elementor-element elementor-element-6b67b50 elementor-widget elementor-widget-text-editor\" data-id=\"6b67b50\" data-element_type=\"widget\" data-widget_type=\"text-editor.default\">\r\n\t\t\t\t<div class=\"elementor-widget-container\">\r\n\t\t\t\t\t\t\t\t\t\t\t\t\t<\/div>\r\n\t\t\t\t<\/div>\r\n\t\t\t\t<div class=\"elementor-element elementor-element-1b144c5 elementor-align-left elementor-widget elementor-widget-button\" data-id=\"1b144c5\" data-element_type=\"widget\" data-widget_type=\"button.default\">\r\n\t\t\t\t<div class=\"elementor-widget-container\">\r\n\t\t\t\t\t<div class=\"elementor-button-wrapper\">\r\n\t\t\t<a href=\"\/index.php\/contact\/\" class=\"elementor-button-link elementor-button elementor-size-sm\" role=\"button\">\r\n\t\t\t\t\t\t<span class=\"elementor-button-content-wrapper\">\r\n\t\t\t\t\t\t<span class=\"elementor-button-text\">Contact<\/span>\r\n\t\t<\/span>\r\n\t\t\t\t\t<\/a>\r\n\t\t<\/div>\r\n\t\t\t\t<\/div>\r\n\t\t\t\t<\/div>\r\n\t\t\t\t\t<\/div>\r\n\t\t<\/div>\r\n\t\t\t\t<div class=\"elementor-column elementor-col-50 elementor-inner-column elementor-element elementor-element-f7cc3b3\" data-id=\"f7cc3b3\" data-element_type=\"column\">\r\n\t\t\t<div class=\"elementor-widget-wrap elementor-element-populated\">\r\n\t\t\t\t\t\t\t\t<div class=\"elementor-element elementor-element-02cba9d elementor-widget elementor-widget-image\" data-id=\"02cba9d\" data-element_type=\"widget\" data-widget_type=\"image.default\">\r\n\t\t\t\t<div class=\"elementor-widget-container\">\r\n\t\t\t\t\t\t\t\t\t\t\t\t\t\t\t<img loading=\"lazy\" decoding=\"async\" width=\"600\" height=\"700\" src=\"https:\/\/www.brain-zone.fr\/wp-content\/uploads\/2022\/11\/formation-au-travail.jpg\" class=\"attachment-large size-large wp-image-747\" alt=\"\" srcset=\"https:\/\/www.brain-zone.fr\/wp-content\/uploads\/2022\/11\/formation-au-travail.jpg 600w, https:\/\/www.brain-zone.fr\/wp-content\/uploads\/2022\/11\/formation-au-travail-257x300.jpg 257w\" sizes=\"auto, (max-width: 600px) 100vw, 600px\" \/>\t\t\t\t\t\t\t\t\t\t\t\t\t\t\t<\/div>\r\n\t\t\t\t<\/div>\r\n\t\t\t\t\t<\/div>\r\n\t\t<\/div>\r\n\t\t\t\t\t\t\t<\/div>\r\n\t\t<\/section>\r\n\t\t\t\t\t<\/div>\r\n\t\t<\/div>\r\n\t\t\t\t\t\t\t<\/div>\r\n\t\t<\/section>\r\n\t\t\t\t\t\t\t<\/div>\r\n\t\t","protected":false},"excerpt":{"rendered":"<p>Le coaching pour la performance professionnelle. Au travers une formation de 1, 2, 3 ou 5 jours, j&rsquo;interviens aupr\u00e8s de vos \u00e9quipes (managers, commerciaux&#8230;) sur des th\u00e8mes sp\u00e9cifiques et adapt\u00e9s \u00e0 vos besoins. Vous trouverez ci-dessous quelques th\u00e9matiques sur lesquelles j&rsquo;interviens (me contacter pour obtenir le programme de chaque formation) : Optimiser son leadership, clef&hellip;&nbsp;<a href=\"https:\/\/www.brain-zone.fr\/index.php\/coaching-de-performance-en-entreprise\/\" rel=\"bookmark\">Lire la suite &raquo;<span class=\"screen-reader-text\">Efficacit\u00e9 professionnelle<\/span><\/a><\/p>\n","protected":false},"author":1,"featured_media":0,"parent":0,"menu_order":0,"comment_status":"closed","ping_status":"closed","template":"page-templates\/template-pagebuilder-full-width.php","meta":{"neve_meta_sidebar":"","neve_meta_container":"","neve_meta_enable_content_width":"","neve_meta_content_width":0,"neve_meta_title_alignment":"","neve_meta_author_avatar":"","neve_post_elements_order":"","neve_meta_disable_header":"","neve_meta_disable_footer":"","neve_meta_disable_title":"","footnotes":""},"class_list":["post-237","page","type-page","status-publish","hentry"],"_links":{"self":[{"href":"https:\/\/www.brain-zone.fr\/index.php\/wp-json\/wp\/v2\/pages\/237","targetHints":{"allow":["GET"]}}],"collection":[{"href":"https:\/\/www.brain-zone.fr\/index.php\/wp-json\/wp\/v2\/pages"}],"about":[{"href":"https:\/\/www.brain-zone.fr\/index.php\/wp-json\/wp\/v2\/types\/page"}],"author":[{"embeddable":true,"href":"https:\/\/www.brain-zone.fr\/index.php\/wp-json\/wp\/v2\/users\/1"}],"replies":[{"embeddable":true,"href":"https:\/\/www.brain-zone.fr\/index.php\/wp-json\/wp\/v2\/comments?post=237"}],"version-history":[{"count":134,"href":"https:\/\/www.brain-zone.fr\/index.php\/wp-json\/wp\/v2\/pages\/237\/revisions"}],"predecessor-version":[{"id":2460,"href":"https:\/\/www.brain-zone.fr\/index.php\/wp-json\/wp\/v2\/pages\/237\/revisions\/2460"}],"wp:attachment":[{"href":"https:\/\/www.brain-zone.fr\/index.php\/wp-json\/wp\/v2\/media?parent=237"}],"curies":[{"name":"wp","href":"https:\/\/api.w.org\/{rel}","templated":true}]}}